t c(i) = 2*i - 12. Let l be (2 - (-10)/5) + 3. Let v be c(l). Suppose w = v*w - 115. Is w prime?
False
Suppose -5 = q - k, -3*q = -8*q - 5*k - 65. Let g(d) = -d**3 - 3*d**2 + 4*d + 29. Is g(q) a composite number?
False
Let b = 15 + -30. Is (((-678)/b)/(-1))/((-4)/20) a prime number?
False
Let l be 0 + (10/(-15))/((-2)/33). Suppose -x = x - 14. Suppose 3628 = l*w - x*w. Is w composite?
False
Suppose 5*n - 4*n + 6 = 0. Let z = 266 + n. Let h = z + -178. Is h composite?
True
Suppose -58*a + 66*a - 26808 = 0. Is a prime?
False
Let v(d) = -52*d - 14. Let u be -15 - (1/(-3) - 15/9). Is v(u) a prime number?
False
Suppose 0 = 13*l + 403 - 4446. Is l prime?
True
Suppose -i - 3359 = -2*q, 2*q + i = 3*q - 1678. Suppose 1055 + 1710 = -5*n - h, -5*h = 3*n + q. Let g = 803 + n. Is g a composite number?
False
Suppose -3*s - 19911 = -6*s. Is s prime?
True
Is 13387 - (-5)/((-10)/(-12)) a composite number?
True
Let s(f) = -f**3 + f**2 + f + 2. Let v be s(2). Suppose -5*z + 2*m = -2*m - 2713, v = z + 3*m - 535. Is z a prime number?
True
Suppose q + 0*s - s = 298, s + 1183 = 4*q. Suppose 5*p - 2*y - q = 0, -2*y - 146 = -3*p + 31. Is p a composite number?
False
Let y = -8 - -7. Let n be y + 2 - (7 - 102). Let p = n + 67. Is p composite?
False
Suppose -446*s + 455*s = 110871. Is s a prime number?
False
Let x(j) = j - 2. Let y be x(2). Suppose 4*t - 2696 = -264. Suppose -a + 140 = -0*a + 3*d, y = 4*a - 4*d - t. Is a a composite number?
False
Let l be -234 + (-3 + 3 - 1). Let y = -372 - l. Let m = 394 + y. Is m composite?
False
Let f(u) = -4*u**3 + 3*u**2 - 6*u + 1. Let i be f(-5). Let d = -157 + i. Is d prime?
True
Let j be 2/(-5) + (-26)/10 - -8. Suppose -j*w - 2*i + 1765 = -i, 0 = -2*i. Is w a composite number?
False
Let l = 32 - 28. Suppose -8*d + 340 = -l*d. Is d composite?
True
Suppose -2*f - 2966 = -650. Let t = f + 3519. Is t composite?
True
Suppose 0 = -156*s + 161*s - 1250. Let z = -2 - -4. Suppose -3*k - z*k = 4*l - 445, 3*k - l = s. Is k a composite number?
True
Let m(g) = -155*g - 1. Let k(l) = -l - 1. Let z be k(0). Let a be m(z). Let b = a - 89. Is b composite?
True
Suppose 0 = -4*m - 1 + 9. Suppose 0*r + m*r - 4 = 0. Suppose f - 977 = r*n, 3*f = 3*n + 1890 + 1053. Is f a composite number?
True
Let h(u) = -2*u**2 + 2*u. Let a be h(1). Suppose -4*o + 5*t + 65 = -a*o, o - 3*t = 11. Suppose -2*z + o = -54. Is z prime?
True
Let p be (42/(-15))/(4/10). Let i(j) = 4*j - 3*j**2 - 3 - j**3 - j**2 - j**2. Is i(p) composite?
False
Suppose -2*r + 3995 = 2*y + 701, 5*r - 8243 = -y. Suppose w + 0*v - 5*v = 428, 4*w - r = -v. Is w prime?
False
Let m(l) = 3*l - 11. Let n be m(5). Suppose -4*j = -5*r - 64, -n*r + j = 83 - 34. Is (8/r)/(2/(-633)) a composite number?
False
Suppose 10791 = -3*r + 6*r. Suppose r = -4*g + 7*g. Is g prime?
False
Let a = -11362 - -20451. Is a a composite number?
True
Suppose -5*u - 1588 = 5*q - 4998, u + 5*q = 694. Is u a prime number?
False
Let k(g) be the first derivative of 19*g**2 - 7*g + 1. Suppose 61*a + 32 = 69*a. Is k(a) a composite number?
True
Let n = -5794 + 13143. Is n a composite number?
False
Is 516785/23 + 130/1495 prime?
True
Let f(x) = -x**3 - 27*x**2 - 31*x + 10. Is f(-29) a prime number?
True
Let u = 153 - 155. Is (u/(-4)*-2)/((-3)/7773) composite?
False
Let y(v) = -801*v - 62. Is y(-5) prime?
True
Let c = 9 + -9. Suppose 5*q + 369 - 1954 = c. Is q a prime number?
True
Let i(x) = 17 - 3*x + x - 4. Suppose -57 = 12*p + 3. Is i(p) composite?
False
Suppose -2*y + m = -0*y - 6, 4*m = -3*y - 2. Suppose -l + y*l = 0. Is -4 + 1068/(4 + l) a composite number?
False
Let h be 3 + (128/(-12))/((-4)/18). Let z = h + 280. Is z a composite number?
False
Suppose -7 = d - 9. Suppose -4*p - 190 = -3*s, -d*p = -5*s - 75 + 415. Suppose -4*v - 3*o + 74 = -s, 0 = -4*v - o + 152. Is v prime?
False
Let z(b) = 6*b**3 + 16*b**2 + 14*b + 4. Let d(y) = -7*y**3 - 17*y**2 - 15*y - 3. Let l(r) = 5*d(r) + 6*z(r). Let g be l(-10). Let u = 144 + g. Is u prime?
True
Let b = 19241 + -9708. Is b prime?
True
Let n = 14728 - 7169. Is n a composite number?
False
Suppose 4*l + 160 = -2*t - 262, 4*l + 4 = 0. Let x = 302 + t. Is x a prime number?
False
Let d = -446 + 837. Suppose d + 1379 = 3*j. Suppose -j - 331 = -3*w. Is w a prime number?
True
Let l(w) = 1113*w**2 + 2*w - 45. Is l(4) a prime number?
False
Let m(j) be the first derivative of j**4/4 + 679*j - 28. Suppose b = 3*b. Is m(b) prime?
False
Let c = 560 - -142. Suppose -5*v = -c - 193. Let m = v + -82. Is m a prime number?
True
Suppose -94 = -2*t + 586. Suppose -5*u - 913 = 3*p, -5*u + p - 744 = -u. Let v = t + u. Is v a composite number?
True
Let f = 4 + -3. Let o = f + 17. Is (57/o)/(1/6) prime?
True
Suppose 41 = 4*m + 5*w, 0 = -2*m - m - 3*w + 27. Suppose 14 = m*u - 30. Is u prime?
True
Let u(w) = 6*w**2 - 3*w - 4. Let c = -14 + 17. Suppose -2*p = -4*p + c*n - 3, 0 = 3*p + 4*n + 13. Is u(p) a prime number?
True
Let v(f) = f + 43. Is v(34) prime?
False
Suppose 2*x + x = -30. Let s = x - -13. Suppose -2*f + 709 = -5*b, s*b = -4*f - 0*f + 1483. Is f prime?
True
Suppose 2 - 14 = -4*q - 3*o, -16 = -4*o. Is (-63)/(-21) - (q + -22) a composite number?
True
Let u(n) = 3*n - 7. Let y be u(4). Suppose -4*q + 552 = -y*k, -q - 25 = -k - 135. Let o = 261 + k. Is o a composite number?
False
Suppose 4*r = -47*r + 552687. Is r a composite number?
False
Suppose -r = 3*a - 6 + 1, 2*a - 3*r = -15. Suppose 10 = 2*l, 0 = 3*w - l - a*l - 7180. Is w a composite number?
True
Let w = 34 + -30. Suppose -3*x + w*r = -18080, r + 3*r = 2*x - 12056. Is x/36*(-6)/(-4) a prime number?
True
Let j = 3 - 2. Let l(k) = 412*k**2 + 4*k + 1. Let s(t) = -1648*t**2 - 17*t - 5. Let p(z) = 9*l(z) + 2*s(z). Is p(j) a composite number?
True
Suppose -3 + 1 = -2*n. Is (-5 + 4)*n + 296 a composite number?
True
Suppose 0 = 12*o - 162520 - 24308. Is o a composite number?
False
Is 3 + 1503 + 21/(-3) prime?
True
Suppose -6*w = -w - 10. Suppose -w*k - 2*k = -5036. Is k prime?
True
Let m(w) = 45*w**3 - w**2 + w. Let y be m(1). Let q be ((-4)/5)/((-9)/y). Suppose q*o + 352 = 2220. Is o composite?
False
Let l(d) = 2*d**2 - 8*d - 11. Let p(o) = 2*o**2 - o - 2. Let q be p(-2). Let f = q + -21. Is l(f) prime?
True
Suppose 2*b = 4*v + 6402, b - 5*v = -0*b + 3195. Is b prime?
False
Let a = -24 + 33. Is (-12)/4*(-105)/a prime?
False
Suppose 0 = 42*f - 39*f - 15. Let q be ((-4)/(-1) - 2)/1. Suppose 6*k = q*k - 2*w + 754, -f*k + 5*w + 980 = 0. Is k a prime number?
True
Suppose 0 = 5*z - 3*r - 6043, 5*z - 2*r + 5*r = 6067. Is z a composite number?
True
Suppose -2133 = -4*o + o. Suppose 4*v = 3*s - 1200, v + 371 - 1586 = -3*s. Suppose -s = -5*g + o. Is g a composite number?
False
Let d(n) = 273*n**2 + 35*n - 10. Let h(y) = -136*y**2 - 17*y + 5. Let v(q) = -6*d(q) - 13*h(q). Is v(3) composite?
True
Suppose 5*t - 12*o = -8*o + 110941, 5*o = 5. Is t composite?
False
Suppose -2*i + 3*f = -27443 - 28145, 0 = i - 5*f - 27801. Is i prime?
True
Let t = -55 - -120. Suppose -g + t = -53. Is g a composite number?
True
Let q = -1784 - -3366. Suppose -4*i + q + 54 = 0. Is i composite?
False
Let o be ((-14)/(-4) - 2)*-6. Let z(d) = -1. Let j(k) = 12*k - 11. Let h(u) = -j(u) + 4*z(u). Is h(o) a prime number?
False
Suppose 0 = 85*p - 94*p + 234369. Is p a prime number?
True
Suppose 0*k - z - 8243 = -2*k, -2*z - 10 = 0. Is k prime?
False
Suppose -137 = 5*r - 162. Suppose r*x + 340 = 5*o, -2*o + 3*x + 61 + 74 = 0. Is o a prime number?
False
Suppose -u = 20 - 24. Suppose 7*f = u*m + 6*f - 7894, -5*f = 5*m - 9855. Is m composite?
False
Suppose 3672 + 4513 = 5*g. Is g composite?
False
Let d = -5869 + 8770. Is d a prime number?
False
Suppose 688 - 20 = d. Suppose 3*a = 175 + d. Suppose 5*y + 4*o - a = 0, 4*y + 0*o - 3*o = 200. Is y prime?
True
Let t(s) = 240*s**2 + 10*s + 79. Is t(-5) a composite number?
False
Let s(t) = 71*t + 108. Is s(41) a composite number?
False
Suppose -10582 + 1110 = -4*p. Suppose -p = -4*r - 2*w, 2*r = 4*w - 2*w + 1178. Suppose -f = -5*d + f + 597, 5*d + 4*f - r = 0. Is d composite?
True
Suppose -v = v + 8, 0 = n + v - 685. Is n a prime number?
False
Let z(x) = -x - 2. Let k be z(-4). Let i(o) = -27*o + 1. Let b be i(-3). Suppose -4*y = -l + 109, -k*y - 3 = l - b. Is l prime?
True
Let n be ((-3)/6)/(1/428). Let j = n - -828. Is j a prime number?
False
Suppose